{"id":418,"date":"2024-12-15T08:50:18","date_gmt":"2024-12-15T08:50:18","guid":{"rendered":"https:\/\/silvasdevelopment.com\/spanish\/?page_id=418"},"modified":"2024-12-15T09:05:01","modified_gmt":"2024-12-15T09:05:01","slug":"websites","status":"publish","type":"page","link":"https:\/\/silvasdevelopment.com\/spanish\/websites\/","title":{"rendered":"Portafolio de Websites"},"content":{"rendered":"\n<p class=\"has-secondary-color has-text-color has-link-color has-body-font-family has-medium-font-size wp-elements-21989dec1ad93b54190c68c62666ad81\">Gracias por visitar nuestro portafolio, nuestros dise\u00f1os de website cambian la forma en que usted quiere verlos. Nos comunicamos para brindarle la mejor sensaci\u00f3n, apariencia y textura para su sitio web. Aqu\u00ed hay algunos ejemplos de clientes anteriores y actuales.<\/p>\n\n\n\n<figure class=\"wp-block-image aligncenter\"><img decoding=\"async\" src=\"https:\/\/silvasdevelopment.com\/wp-content\/uploads\/2024\/10\/Screenshot-2024-10-05-at-12.23.53\u202fAM.png\" alt=\"\" class=\"wp-image-512\"\/><\/figure>\n\n\n\n<figure class=\"wp-block-image aligncenter\"><img decoding=\"async\" src=\"https:\/\/silvasdevelopment.com\/wp-content\/uploads\/2024\/10\/Screenshot-2024-10-05-at-12.24.25\u202fAM.png\" alt=\"\" class=\"wp-image-513\"\/><\/figure>\n\n\n\n<figure class=\"wp-block-image aligncenter size-full is-resized\"><img decoding=\"async\" src=\"https:\/\/silvasdevelopment.com\/wp-content\/uploads\/2024\/10\/web-1024x601.png\" alt=\"\" class=\"wp-image-516\" style=\"width:992px;height:auto\"\/><\/figure>\n\n\n\n<p><\/p>\n","protected":false},"excerpt":{"rendered":"<p>Gracias por visitar nuestro portafolio, nuestros dise\u00f1os de website cambian la forma en que usted quiere verlos. Nos comunicamos para brindarle la mejor sensaci\u00f3n, apariencia y textura para su sitio web. Aqu\u00ed hay algunos ejemplos de clientes anteriores y actuales.<\/p>\n","protected":false},"author":1,"featured_media":0,"parent":0,"menu_order":0,"comment_status":"closed","ping_status":"closed","template":"","meta":{"_uag_custom_page_level_css":"","footnotes":""},"class_list":["post-418","page","type-page","status-publish","hentry"],"uagb_featured_image_src":{"full":false,"thumbnail":false,"medium":false,"medium_large":false,"large":false,"1536x1536":false,"2048x2048":false},"uagb_author_info":{"display_name":"admin","author_link":"https:\/\/silvasdevelopment.com\/spanish\/author\/admin\/"},"uagb_comment_info":0,"uagb_excerpt":"Gracias por visitar nuestro portafolio, nuestros dise\u00f1os de website cambian la forma en que usted quiere verlos. Nos comunicamos para brindarle la mejor sensaci\u00f3n, apariencia y textura para su sitio web. Aqu\u00ed hay algunos ejemplos de clientes anteriores y actuales.","_links":{"self":[{"href":"https:\/\/silvasdevelopment.com\/spanish\/wp-json\/wp\/v2\/pages\/418","targetHints":{"allow":["GET"]}}],"collection":[{"href":"https:\/\/silvasdevelopment.com\/spanish\/wp-json\/wp\/v2\/pages"}],"about":[{"href":"https:\/\/silvasdevelopment.com\/spanish\/wp-json\/wp\/v2\/types\/page"}],"author":[{"embeddable":true,"href":"https:\/\/silvasdevelopment.com\/spanish\/wp-json\/wp\/v2\/users\/1"}],"replies":[{"embeddable":true,"href":"https:\/\/silvasdevelopment.com\/spanish\/wp-json\/wp\/v2\/comments?post=418"}],"version-history":[{"count":7,"href":"https:\/\/silvasdevelopment.com\/spanish\/wp-json\/wp\/v2\/pages\/418\/revisions"}],"predecessor-version":[{"id":438,"href":"https:\/\/silvasdevelopment.com\/spanish\/wp-json\/wp\/v2\/pages\/418\/revisions\/438"}],"wp:attachment":[{"href":"https:\/\/silvasdevelopment.com\/spanish\/wp-json\/wp\/v2\/media?parent=418"}],"curies":[{"name":"wp","href":"https:\/\/api.w.org\/{rel}","templated":true}]}}